 2*p(q) + z(q). Let f be s(3). Let l(g) = 4*g + 8. Give l(f).
-16
Suppose -a - 2*a - 5 = -2*j, 0 = -5*j + a - 7. Let d(f) = f - 8. Let b(s) = -s + 8. Let g(n) = j*d(n) - 3*b(n). Suppose r = 2*r. Calculate g(r).
-8
Let j be ((-2)/(-7))/(3*(-30)/(-315)). Let b(u) = 25*u - 2. Give b(j).
23
Let m be 3 - 2*(-1)/(-1). Let d(y) be the third derivative of 0*y + 12*y**2 + 0 + 1/12*y**5 - 1/6*y**3 + 1/24*y**4. Determine d(m).
5
Let s(z) = 3*z + 3*z**3 - 5*z**2 + 3 + z - 2*z**3. Let a be -1 + 5 + 60/3. Suppose -4*c = -3*m + a, 3*m - 2*c = -7*c - 3. What is s(m)?
3
Suppose 3*n + 14 = -58. Let z = 55 - 25. Let l = n + z. Let p(i) = i**3 - 6*i**2 + 2*i - 6. Calculate p(l).
6
Let z(j) = 3*j**2 - 4*j - 4. Let t = -78 - -82. Determine z(t).
28
Let g(k) = -k**2 - 5*k + 16. Let c be g(-7). Let y(s) = -c*s + 25 - 25 - s. What is y(-1)?
3
Suppose 0 = 3*y - 9, 4*y + 4 = -i - 3*i. Let m(r) = -r**2 - 3. Give m(i).
-19
Suppose -4*o = -5*g + 61, -2*g + 19 = -5*o - 19. Let d = 79 - 75. Let b(c) = 4*c + 3. Let z(v) = -8*v - 5. Let t(a) = d*z(a) + g*b(a). Determine t(-6).
-17
Let u(d) = -d**2 - 2*d. Suppose 12 + 3 = -5*i + 4*w, -2*i = 5*w + 6. Calculate u(i).
-3
Let g(m) = -m + 4. Let y be g(3). Let x(u) = -4*u - 5. Let k be x(-2). Let j(c) = 63*c + 1 - 2*c**2 - 65*c + k*c**3 + 4*c**2. Calculate j(y).
4
Let g(l) = 0 - 2 + 2*l - 3*l**2 + l. Let c be 1/5 + (-2840)/(-50). Let k = -55 + c. What is g(k)?
-8
Let x be -4 + ((-1430)/(-40) - (-2)/8). Let v(f) = -15*f**3 + 8 + x*f**3 + f - 6*f**2 - 18*f**3. What is v(-6)?
2
Let h = 1 + 4. Let z = 3 - h. Let m(g) = -g**3 - g**2 + g. What is m(z)?
2
Let p(n) = 3*n + 5. Let v be 1*-2*(-24)/16. Suppose -v*s = -17 + 5. Suppose -s*g - 2 = 18. What is p(g)?
-10
Suppose 3*j - 4*j = -6. Let p = -16 + 18. Let m(n) = 30*n - 2 - p - 29*n. What is m(j)?
2
Let c(j) be the third derivative of 1/3*j**4 - 2/3*j**3 - 1/60*j**5 + 0*j + 14*j**2 + 0. What is c(8)?
-4
Let m(h) = 3*h**3 + 6*h**2 - 6*h - 1. Let f(j) = 10*j**3 + 19*j**2 - 19*j - 5. Let l(t) = -2*f(t) + 7*m(t). Give l(-4).
19
Let g(k) = -23*k**2 + 5. Let x(s) = 196*s**2 - 42. Let a(y) = 42*g(y) + 5*x(y). Let r = -4 - -5. Give a(r).
14
Let m(z) = 2*z**2 + 67 - 67 - 24*z + 0*z. What is m(12)?
0
Let a(y) = 3*y**3 - 3*y**2 - 13*y + 21. Let j be a(2). Let s(q) = q**3 - 7*q**2 + q + 10. Calculate s(j).
17
Let q(u) = -25743*u**2 - 25742*u**2 + u + 7 + 51484*u**2. Give q(0).
7
Let l(x) = -3*x**2 + 4*x + 3. Let h(o) = o**2 - o - 1. Let p(s) = -7*h(s) - 2*l(s). Let u be (-12)/(-36)*-2*(-3)/(-2). Calculate p(u).
1
Suppose 33 = 4*h - 3. Let q(f) = 5*f - 7*f**2 + 1 - f**3 + h + 4*f. What is q(-8)?
2
Let n be 1*((-42)/2)/3. Let i(b) = -22*b**3 + 2*b + 5*b + 1 + 15*b**3 + 8*b**3 + 8*b**2. What is i(n)?
1
Let a = 25 - 21. Let q(y) = -8*y**3 - 10*y**2 + 10*y - 6. Let c(m) = -3*m**3 - 5*m**2 + 5*m - 3. Let l(n) = 5*c(n) - 2*q(n). Calculate l(a).
1
Let s(a) be the first derivative of -4*a + 3/2*a**2 + 4. Determine s(3).
5
Let q(p) = 2*p - p + p + 5 - 4*p**2 + 3*p**2. Determine q(-4).
-19
Let j(a) = -2 + 41*a + 3*a**2 - 2*a**2 - 52*a. What is j(12)?
10
Let a(i) = -i**2 - 53*i - 291. Let o be a(-47). Let z(s) = s**2 + 12*s + 21. Determine z(o).
-6
Suppose 4 + 8 = -u. Let w = -6 - u. Let l(z) = 3*z**2 - 4*z - 5. Let v(r) = -7*r**2 + 8*r + 10. Let o(h) = 5*l(h) + 2*v(h). What is o(w)?
7
Let q(h) = -h**3 + 10*h**2 - h + 7. Suppose -m + 2*p = 6*p - 2, 5*p - 20 = -3*m. What is q(m)?
-3
Let u(n) = 12 + 0*n**2 - n**3 - 6 + 4*n**2. Determine u(5).
-19
Let w(m) be the third derivative of m**5/60 + 11*m**4/24 - 13*m**3/3 - 568*m**2. Calculate w(-13).
0
Let t(n) = 16*n**3 - 11*n - 4*n**3 - 2 + 1 + 12*n. Let c be 39/(-195) + (-18)/15*-1. What is t(c)?
12
Let z(j) = -j**3 + 6*j**2 - 2*j. Let w be z(5). Let s(c) = 11 - 23 + w - 2*c. What is s(5)?
-7
Let g = -157/18 + 80/9. Let q(f) be the second derivative of g*f**3 - 4*f**2 + 0 - 3*f. Determine q(0).
-8
Let x(w) = -16*w - 32. Let o be x(-2). Let g(t) = 0*t + 18 - t - 2*t**2 + 3*t**2 - 22. What is g(o)?
-4
Let g(f) = -7*f - 6. Let y(i) = -37*i - 33. Let l(h) = -22*g(h) + 4*y(h). Suppose 2*a = a - 1. What is l(a)?
-6
Let z(c) = 3*c**2 - 5*c - 3. Let l be 52/39*(1/1 - -2). Let m(b) = 5*b**2 - 10*b - 5. Let t(o) = l*m(o) - 7*z(o). Determine t(-6).
-5
Let y(f) = -f**2 - 5*f - 4. Let l be y(-2). Suppose k = 2*k - l. Let i(a) = 7 - 6 - 3*a - a**3 + 5*a**k + 0*a. Calculate i(3).
10
Let n(i) = -i**2 - 5*i - 1. Let w(m) = -4*m**2 + 4*m**2 + 2*m**2 + 6*m. Let z(x) = 3*n(x) + 2*w(x). Calculate z(5).
7
Let m(k) = k**2 + k - 8. Let y(n) = n**2 - 10*n - 6. Let j be y(10). Let g be (-5)/45*3 - 2/j. What is m(g)?
-8
Let x be (1 - 0/2)/(22/(-132)). Suppose 0 = z - 5*z. Let l(j) = j**3 + z - 6*j**2 - 2 - 2*j**3 - 2. Calculate l(x).
-4
Let r(v) = v**3 + v. Let u(g) be the third derivative of 0*g - 1/4*g**4 + 0 + g**2 + 0*g**3 - 1/24*g**6 - 1/12*g**5. Let x(h) = -4*r(h) - u(h). Calculate x(-4).
8
Suppose k = -3*w - 1, -5*w - 2 = 3*k - k. Suppose -n = 5*t - 7 - 10, w = 2*t + n - 5. Let q(d) = d**2 - 5*d + 4. Determine q(t).
0
Let r(s) = 3*s**3 - 6*s**2 - 4*s + 7. Let k(c) = 5*c**3 - 6*c**2 - 3*c + 8. Let n(i) = 2*k(i) - 3*r(i). Suppose 2*b + 5 = b. Give n(b).
-10
Let r(h) = -h - 20. Let o(u) = 3. Let s(n) = -1. Let q(t) = o(t) + 4*s(t). Let a(j) = -6*q(j) + r(j). Let y be a(-12). Let g(c) = -2*c**2. Give g(y).
-8
Let x(i) = -i**3 - 5*i**2. Let p(l) = 32*l + 4*l**2 - 4*l**2 + 4*l**3 - 31*l. Let o be p(-1). Calculate x(o).
0
Suppose -z - 10 = -7*a + 12*a, -z - 8 = 4*a. Let p(i) = -4*i**2 - 4*i - 2. What is p(a)?
-10
Let k(d) = 47 - 24 + 0*d - 24 - 3*d. Calculate k(2).
-7
Let y(p) = -p**3 - 2*p. Let g(x) = 7*x**3 - 5*x**2 + 12*x - 3. Let s(v) = -g(v) - 6*y(v). Give s(5).
3
Let k(a) = -7*a + 6*a + 7*a - 147 + 139. Calculate k(7).
34
Suppose 65 = -2*b - 15. Let z = -42 - b. Let m(u) = -u**3 - u**2 + 2*u + 1. Calculate m(z).
1
Let v be 2 + (3 + 0)*20/(-30). Let c(q) = -5*q**2 - 4*q + 3*q - 2 - q**3 + v*q. Determine c(-5).
3
Suppose -7*s = -0*s - 77. Let l(n) = n**2 - 11*n + 6. Give l(s).
6
Let v(l) = -21*l + 6*l + 286*l**2 + 270*l**2 - 558*l**2 - 11. Calculate v(-6).
7
Let z(f) = 4*f - 2. Let n(o) = 8*o - 2*o**2 - 8*o**2 - 3 + 9*o**2. Let y(j) = -2*n(j) + 5*z(j). What is y(-4)?
12
Let a(s) = s - 6. Let t(d) = d - 7. Let p(f) = 7*a(f) - 6*t(f). Let j be -2 - ((2 - 7) + 3). Let v be -1*(-4 - (-4 - j)). Calculate p(v).
0
Let f(u) = 17*u - 52*u - 10 - u**2 + 26*u. Determine f(-7).
4
Let u(r) = 2*r - 2. Let b(m) = 3*m - 4*m**2 + 3*m - 5*m - 2 + 1. Let h be b(2). Let g = h - -18. Calculate u(g).
4
Let b(o) = 5*o - 10. Let k be b(2). Let r be (k + -1)*(-4)/(-12)*-15. Let p(l) = 4*l - 3 + 2*l - 5*l. Determine p(r).
2
Let j(h) be the third derivative of -h**6/240 - h**5/60 + 17*h**4/24 + 9*h**2. Let n(w) be the second derivative of j(w). Give n(-2).
4
Let v(f) = 0 - 2 - 4*f**2 - f**3 - 5 - 4*f + 2. Suppose -5*p + 18 = -52. Suppose -3*j - 5*z - 22 = 0, -4*z = j + z + p. What is v(j)?
11
Let s be -10 - 981/(-81) - 1/9. Let g(r) be the second derivative of 0*r**2 + s*r - 1/6*r**3 + 0. Calculate g(-3).
3
Suppose -252 = 6*i - 15*i. Suppose -2*j - 3*h + 1 = 0, -4*j + 5*h - i = h. Let b(v) = v**3 + 5*v**2 + 2*v + 3. Calculate b(j).
11
Let q = -41 - -47. Let w(m) = m**2 + m + 1. Let g be -4 + 3/1 + 2. Let i(d) = -7*d**2 - 2*d - 9. Let p(j) = g*i(j) + q*w(j). Determine p(5).
-8
Let d(i) = -10*i + 1. Suppose 42*p - 18 = -g + 38*p, g = -5*p + 22. Determine d(g).
-19
Let h = 21 + -27. Let z = h + 4. Let o be 2 - ((-12)/(-2))/z. Let v(l) = l**3 - 4*l**2 - 4*l + 7. Give v(o).
12
Let u(n) = -5*n - 1. Let p(t) = -11*t - 3. Let f be (-1)/2 + 3/6. Suppose -j + 4*y + 5 - 4 = f, 14 = 2*j + 4*y. Let g(c) = j*u(c) - 2*p(c). What is g(-6)?
19
Let p(d) = -9 - 833*d + 9 + 840*d - d**2. Calculate p(3).
12
Let a(n) = -3*n + 1. Let v(m) = -4*m + 2. Let k(u) = 3*a(u) - 2*v(u). Let l(d) = -11. Let c(o) = -2*k(o) + l(o). Calculate c(8).
7
Let c(z) = -5*z**3 + 5*z**2 - 3*z - 61. Let g(d) = -2*d**3 + 2*d**2 - d - 20. Let k(a) = 3*c(a) - 8*g(a). Let j be 4/10 - (-24)/(-60). Determine k(j).
-23
Let v(f) be the first derivative of f**4/4 + f**3 - f**2 - 2*f + 473. Give v(2).
14
Let m(v) be the first derivative of -v**5/60 + 5*v**4/12 - 2*v**3 - 23*v**2/2 + 24. Let t(z) be the second derivative of m(z). Calculate t(9).
-3
Let y(f) = 3*f**2 -